221 (base 3) in base 5?
-23300234
Convert -14086b (base 13) to base 10.
-486978
6130302 (base 10) to base 15
8115bc
Convert 28e544 (base 15) to base 5.
1001102224
13402 (base 5) to base 6
5034
Convert 72088 (base 15) to base 11.
227462
-1152442 (base 6) to base 9
-103338
Convert 56a78 (base 12) to base 5.
12144310
433303 (base 9) to base 16
3f108
Convert 247327 (base 8) to base 11.
59447
Convert -120241 (base 5) to base 15.
-14b6
Convert -37118 (base 11) to base 5.
-3202010
Convert 186c61 (base 16) to base 14.
2d9453
Convert -21024315 (base 6) to base 7.
-5120504
What is -14163 (base 11) in base 4?
-10322323
What is 7438857 (base 9) in base 12?
140082a
Convert 8f0db (base 16) to base 8.
2170333
46673 (base 15) to base 16
36bd0
Convert -238697a (base 14) to base 5.
-13322420313
Convert 2093b2 (base 12) to base 4.
1331123312
What is -5769a6 (base 13) in base 16?
-1f9abf
Convert -16845469 (base 10) to base 4.
-1000100222131
What is -1320344344 (base 5) in base 10?
-3293724
Convert 1057c (base 16) to base 9.
111737
711a8 (base 13) to base 7
1502115
What is 166b0a (base 14) in base 7?
6455213
What is 401130242 (base 5) in base 4?
12002201131
What is -d865 (base 16) in base 14?
-1628d
Convert -17237621 (base 8) to base 11.
-22a1833
15803 (base 9) to base 16
2a69
What is -134301204 (base 5) in base 11?
-436786
Convert -1601362 (base 7) to base 13.
-78901
Convert -6240 (base 16) to base 5.
-1301102
Convert 726310 (base 8) to base 10.
240840
-2335043 (base 8) to base 2
-10011011101000100011
Convert 114675 (base 10) to base 3.
12211022020
Convert 13355712 (base 8) to base 4.
23131233022
Convert -da2eb (base 15) to base 11.
-433358
What is 1125544125 (base 6) in base 2?
110000000011000011110101
What is -261846 (base 9) in base 14?
-41c8b
Convert 10277 (base 10) to base 11.
77a3
Convert 3690 (base 15) to base 11.
87a5
What is 1e266 (base 16) in base 9?
207355
2075d (base 15) to base 11
70358
Convert -11012112 (base 4) to base 12.
-10106
Convert 15679 (base 13) to base 10.
40660
2a0372 (base 12) to base 13
1b91a6
Convert 11b148 (base 14) to base 6.
21000420
100111111001110010000111 (base 2) to base 8
47716207
What is 4143440 (base 5) in base 11?
47612
Convert -8604434 (base 11) to base 13.
-31a3433
-1c2d3 (base 16) to base 8
-341323
What is 47a56 (base 16) in base 11?
190534
67513 (base 13) to base 15
3a8c1
425262 (base 7) to base 10
73887
What is -1230404 (base 5) in base 16?
-5d2e
Convert 23511122 (base 6) to base 13.
1cbc4a
What is -1487864 (base 11) in base 2?
-1001101100111010010000
Convert c3051 (base 15) to base 3.
1011101022211
Convert 35906 (base 12) to base 10.
72150
Convert -60564 (base 8) to base 2.
-110000101110100
-10210002101 (base 3) to base 9
-123071
Convert 129a8 (base 14) to base 13.
17b14
-212210122121 (base 3) to base 2
-1110010011000001101
What is 913157 (base 10) in base 7?
10522160
Convert -5aa34 (base 12) to base 16.
-1de48
Convert -26270b7 (base 12) to base 5.
-3411044132
-2ac2de (base 16) to base 8
-12541336
What is -2032032013 (base 4) in base 2?
-10001110001110000111
What is 36209 (base 12) in base 2?
10001110010101001
Convert 625557 (base 12) to base 7.
16060066
-104a06 (base 12) to base 8
-766246
-3ec4a (base 16) to base 8
-766112
Convert -1040751 (base 8) to base 11.
-1806a2
Convert -21323412 (base 7) to base 16.
-1bca08
14a59 (base 11) to base 10
21239
35451515 (base 6) to base 4
10033100213
111011001101110111 (base 2) to base 10
242551
Convert 25245155 (base 6) to base 14.
173051
Convert 22b763 (base 12) to base 4.
2020201323
Convert -47546 (base 12) to base 2.
-10111011001000110
36922 (base 13) to base 16
1883e
1334851 (base 9) to base 16
b2ae9
39604 (base 16) to base 9
387334
Convert -177310 (base 8) to base 2.
-1111111011001000
1114530201 (base 6) to base 3
212002012202201
-22304400 (base 7) to base 5
-443344443
Convert 69a3d8 (base 15) to base 4.
103100003213
What is -1e8b4 (base 15) in base 5?
-11143334
What is -1162001 (base 7) in base 2?
-100100100000101101
Convert -28334 (base 10) to base 8.
-67256
What is -240302 (base 5) in base 2?
-10001001111011
-b78b7 (base 16) to base 8
-2674267
-56b53a (base 14) to base 9
-5486702
Convert -142867 (base 10) to base 5.
-14032432
What is 3c163 (base 14) in base 9?
245574
-1245410 (base 6) to base 13
-25308
What is -101000000001111010000 (base 2) in base 8?
-5001720
What is 10101110100111010000 (base 2) in base 10?
715216
What is 3da25d (base 14) in base 16?
20aa7b
Convert -120121201100121 (base 3) to base 9.
-16551317
Convert -56480 (base 10) to base 14.
-16824
123458 (base 9) to base 8
221757
136173 (base 8) to base 9
73162
What is -a5877 (base 15) in base 6?
-15130421
Convert 320015 (base 8) to base 15.
21859
-366131 (base 7) to base 2
-10000010110001100
-168074 (base 9) to base 13
-38632
-12103231110 (base 4) to base 3
-10010000022000
What is -101133 (base 11) in base 7?
-1244606
Convert 1001000100101110 (base 2) to base 14.
d78a
-23124153 (base 6) to base 8
-2554745
Convert 13322146 (base 7) to base 4.
10230321202
What is 64670 (base 11) in base 5?
11001343
-4b4309 (base 14) to base 6
-131225353
What is -62aa39 (base 15) in base 10?
-4693554
-102120121010 (base 3) to base 16
-37a2b
-33501 (base 14) to base 4
-132120231
What is 5679b (base 15) in base 10?
275096
Convert 17777 (base 13) to base 7.
245561
-2536342 (base 7) to base 8
-1202103
Convert 3662363 (base 8) to base 16.
f64f3
Convert -1530a (base 13) to base 2.
-1001110001111111
-254143 (base 6) to base 3
-1011111100
What is 49ba13 (base 15) in base 7?
42011613
-8e975 (base 15) to base 5
-104020020
Convert -165a0b (base 16) to base 2.
-101100101101000001011
-19b427c (base 15) to base 13
-3b81379
-200012202200 (base 3) to base 11
-225387
Convert -b835a0 (base 14) to base 13.
-13a2c1b
121111001010 (base 3) to base 15
661e0
What is -14730 (base 12) in base 6?
-340500
621451 (base 11) to base 13
28c018
Convert 21024342 (base 5) to base 15.
36717
-1000101100101001 (base 2) to base 8
-105451
What is -26316263 (base 8) in base 3?
-102001100222211
2b0b45 (base 16) to base 5
1210232213
-1100010100111111100 (base 2) to base 15
-7ea5e
What is 5a8527 (base 13) in base 8?
10173621
What is 705164 (base 15) in base 9?
11027224
What is -1cc664 (base 14) in base 16?
-fc330
Convert -2145 (base 13) to base 6.
-33220
-1a8c2 (base 14) to base 12
-3314a
Convert 340220202 (base 5) to base 3.
2210210112120
Convert -105050424 (base 6) to base 14.
-37d77a
Convert 196a9 (base 13) to base 4.
30011033
Convert -133736 (base 10) to base 9.
-223405
What is 41009 (base 15) in base 2?
110010010000111100
What is 68667 (base 11) in base 7?
562325
What is 1b6c0 (base 16) in base 12?
55000
Convert 1031 (base 15) to base 8.
6535
What is 1100011111100011101010 (base 2) in base 4?
30133203222
What is 2235264 (base 7) in base 8?
1036726
-92529 (base 12) to base 3
-100200202220
What is 542212 (base 6) in base 11?
30544
Convert -1001011000101101101 (base 2) to base 12.
-129ba5
What is 11011011000111011100010 (base 2) in base 9?
14453100
What is -19803 (base 16) in base 5?
-11320301
What is -3511244 (base 6) in base 7?
-1351060
1026226 (base 8) to base 7
2216355
Convert 34240031 (base 5) to base 12.
128a61
Convert 69076 (base 10) to base 8.
206724
What is -b95 (base 15) in base 11?
-1a68
Convert 1393711 (base 11) to base 16.
247d27
-41613a (base 16) to base 10
-4284730
What is -9576d (base 16) in base 12?
-256351
Convert -5188549 (base 12) to base 2.
-111010100101110100001001
-7160b0 (base 14) to base 9
-7161704
-539200 (base 11) to base 7
-10215240
Convert 10122120122 (base 3) to base 12.
35708
31411121 (base 6) to base 4
3200121121
42453630 (base 7) to base 16
3715bf
What is 120322333212 (base 4) in base 9?
13256643
Convert -1110011011110010111 (base 2) to base 8.
-1633627
-21480 (base 14) to base 11
-55507
What is 1ba822 (base 16) in base 2?
110111010100000100010
-9328 (base 11) to base 16
-3054
-21406471 (base 8) to base 10
-4590905
158202a (base 11) to base 3
12002000002111
What is -29a17 (base 11) in base 14?
-116ad
-2b47be (base 16) to base 7
-33052300
What is -632ac3 (base 13) in base 14?
-44551a
What is -119825 (base 12) in base 6?
-10045245
Convert 1011101010111010100100 (base 2) to base 16.
2eaea4
Convert 2210103303 (base 4) to base 10.
673011
Wha